= f + 4 - 2*f - 2*f + 3*f**2 + f**3 + f. What is m(-3)?
10
Let y(f) = -14*f**2 - 18*f + 18*f - 1 + 10*f**2. Give y(1).
-5
Let i(q) = 3*q + 4*q**2 - 2*q**2 + 1 - q**2. Let t(c) = -c**3 + 13*c**2 + c - 15. Let v be t(13). Calculate i(v).
-1
Let m(u) = u**2 - 2*u - 1. Let c be (1 - (1 + 0))*1. Suppose 0 = 3*b - c*b - 12. What is m(b)?
7
Let n = 6 - 6. Let r(i) = n*i + 1 - i**2 + 0*i + i. Give r(-1).
-1
Let d(m) = m**3 + 13*m**2 + 8*m - 5. Let y(s) = -s**2. Let x(r) = d(r) + 4*y(r). Give x(-8).
-5
Let q(v) be the second derivative of 0 + 6*v + 2/3*v**3 + 7/2*v**2. Give q(-5).
-13
Let p = -9 - -6. Let o(z) = -2*z - 9. Let r(s) = s + 8. Let m(h) = 4*o(h) + 5*r(h). Calculate m(p).
13
Suppose -i + 5 = 3*s, 3*s + 2*s - 2*i = -10. Let q(h) = 5*h**2 - h - 9. Let r(j) = 11*j**2 - 2*j - 18. Let m(c) = -13*q(c) + 6*r(c). What is m(s)?
9
Let l(p) = -p + 1. Let t = -56 - -61. What is l(t)?
-4
Let m be (-15*4/(-12))/(-1). Let o(g) = g**3 + 5*g**2 - g - 4. Calculate o(m).
1
Suppose 4*t + 6 = -14. Let x = t - -9. Let u(j) = -3*j + 3 - j + 3*j. Calculate u(x).
-1
Suppose -14 = -7*v + 14. Let m(h) = h**3 - 5*h**2 + 5*h + 4. What is m(v)?
8
Let u(f) = f**3 - 5*f**2 - 5*f + 5. Let v = -120 + 126. Give u(v).
11
Let m(l) = l**2 + 6*l - 5. Let c be (2 + -3)/(3*3/54). Determine m(c).
-5
Suppose -4*d = -16, 2 = 3*j - 5*d - 2. Let g(o) = j*o + 2 - 6*o - 3*o. Determine g(0).
2
Let o = 4 - 2. Let w be (-2 - -2)/(-3) + o. Let u(k) = 5 - 7*k**w + 3*k**2 - 5. Calculate u(-1).
-4
Let i = -5 - -1. Let n = -4 - i. Let d(v) = -3 + 2*v**2 + v**3 + n*v + 4 + 2*v. Give d(-1).
0
Let d(r) = -r**3 + 8*r**2 + 10*r - 7. Let g be d(9). Let q(i) be the third derivative of 0 + 0*i**4 + 0*i - 2*i**g + 1/60*i**5 + 1/3*i**3. Calculate q(2).
6
Suppose 1 = 3*i - 2*i. Suppose 5*k + i = -f, -7 = -5*f + k + 14. Suppose 3*h + 2 + f = 0. Let d(v) = 2*v - 1. Give d(h).
-5
Let p(x) = 5*x**2 + x. Let v be 1/4 - 54/(-72). What is p(v)?
6
Let o(g) be the first derivative of g**5/60 - g**4/6 + g**3 - 3. Let l(b) be the third derivative of o(b). Suppose -10 - 15 = -5*q. Give l(q).
6
Suppose -1 = -5*z + 9. Let t(i) = -i**3 + 2*i**2 + i - 1. Determine t(z).
1
Suppose 0 = -3*k + t - 12, -k - 4 = -0*t - t. Let u(y) = -y. Let m(l) = 5*l. Let b(h) = m(h) + 6*u(h). Give b(k).
4
Let m(s) = s**3 - 2. Let j = 14 + -9. Suppose j*i - 6 = 4. Give m(i).
6
Let s(j) = 5*j + 4. Let b(k) = 2*k + 2. Let l(q) = 7*b(q) - 3*s(q). Give l(-4).
6
Let a(d) be the third derivative of 19*d**4/24 + d**3/6 + 3*d**2. Determine a(1).
20
Let o be (0 - (2 + -2)) + 5. Let p = o - 1. Let c(t) = -t + 4. Give c(p).
0
Let b(p) = -p - 6. Let d be (-12)/(-78) + (-100)/(-26). Let z(f) = -f**2 + 4*f - 4. Let c be z(d). What is b(c)?
-2
Let l be ((-8)/(-6))/(12/36). Let z(r) = 2*r**2 - 5*r. What is z(l)?
12
Let p(j) = -2*j + 1. Suppose 3*w - 2*n - 11 = 0, -7*w = -2*w + 5*n - 35. Let a = -3 + w. Let d = a - 4. Give p(d).
5
Let y be (-150)/(-12) - 3/(-2). Let q be (-44)/(-28) + 6/y. Let p(k) = -k**2 + 3*k - 1. Calculate p(q).
1
Let l be (16/12)/((-2)/(-3)). Let p(r) = r**3 - 2*r - 1. Let q be p(2). Suppose 0 = v - q*v + l. Let m(c) = 2*c - 1. Give m(v).
1
Let s(d) be the third derivative of d**6/120 - d**5/15 + d**4/12 - 5*d**3/6 - 7*d**2. Calculate s(4).
3
Let k(t) = -4 + 2 - 2*t**2 + 3*t**2. Let o(a) = a**2 - a - 1. Suppose -2*n - 6 = 6. Let c(q) = n*k(q) + 7*o(q). Calculate c(5).
-5
Let r = -61 - -58. Let f(o) = -1 + o + 4*o**2 - 3*o**2 + 3*o. Calculate f(r).
-4
Let q(c) be the third derivative of -c**6/120 + c**5/12 + c**4/12 - 7*c**3/6 - 13*c**2. Give q(5).
3
Suppose 0 = -5*r + 4*r. Let b(n) = 2*n**2 + 9*n**2 + 2*n**3 + 1 - 10*n**2 - n**3. Give b(r).
1
Let k(s) be the second derivative of s**5/60 + s**4/4 + 4*s**3/3 - 3*s**2 - 9*s. Let c(j) be the first derivative of k(j). What is c(-6)?
8
Let f(s) = -s**3 - 6*s**2 + 7*s + 8. Let u(p) = 2*p - 39. Let l be u(16). Calculate f(l).
8
Let l(a) = -5 - 6 + 0 - a. Determine l(-6).
-5
Suppose -12 = -5*m + 18. Let l(t) = -2*t + 5. Calculate l(m).
-7
Let k(m) = 13*m - 6*m - 13*m. Determine k(-4).
24
Let w(o) = -9 + 6*o - 10 - o**2 + 16 + 0*o. Suppose -3*q - 7 = -1. Let f = q - -7. Calculate w(f).
2
Let b(x) = x. Let l(o) = 1. Let r(g) = b(g) - 4*l(g). Let u(i) = i + 9. Let w be u(-5). Let c = w - 1. Calculate r(c).
-1
Let c = -29 - -26. Let w(k) = k**3 + 2*k**2 - 4*k - 1. What is w(c)?
2
Let i be (-4)/3*(-6)/4. Suppose 4 - i = 2*n. Let y(c) = 8*c**2 - c. Calculate y(n).
7
Suppose -i - 1 = f, 3*f - 5*i - 9 - 28 = 0. Let d(h) = -h**3 + 5*h**2 - 4. Give d(f).
12
Let p(w) = -9*w + w - 9*w + 2*w. What is p(1)?
-15
Let z = -7 + -2. Let d = z - -10. Suppose -v - 8 = s - d, -5*s - 23 = 2*v. Let h(g) = -g**3 - 3*g**2 + 4*g - 1. Calculate h(v).
-1
Let p(f) = 3*f**3 - 5*f**2 - 6*f + 3. Let i(c) = -13*c**3 + 21*c**2 + 24*c - 11. Let z(d) = 2*i(d) + 9*p(d). Calculate z(4).
-3
Suppose 3*q = 5*z - 23, -2*z = -5*q - 2 - 11. Let f = z - 7. Let o(n) = -2*n**2 - 2*n + 3. Determine o(f).
-9
Let k(n) = -n**3 - 5*n**2 - 6*n. Suppose -8 = -2*d - 4*w, -5*w - 27 = -d + 12. Let v = 10 - d. Calculate k(v).
8
Suppose 0 + 2 = t. Suppose -4 = -t*u - 0. Let p(w) = 2 - u*w**2 + 4 - 5*w - 3 - 5. What is p(-3)?
-5
Suppose 7 = -4*z - 17. Suppose 0 = -0*r - 4*r. Let n(g) = -12 + 4*g + r*g - 3*g - 2*g. Calculate n(z).
-6
Suppose 9*t = 12*t - 6. Let s(o) be the first derivative of 3*o**3 - 1/2*o**2 + t + 0*o. Give s(1).
8
Let s(m) = -m**3 - m**2 - m - 2. Let t(d) = -d**2 - 6*d - 5. Let q be t(-5). Suppose -3*h + 5*h = q. Give s(h).
-2
Let r(d) be the first derivative of -d**6/360 + d**5/120 + d**4/8 + d**3 + 6. Let x(l) be the third derivative of r(l). What is x(0)?
3
Let z(p) = p + 4. Suppose i + 12 = 4*t, 12 = -5*t + t - 5*i. Suppose 0*c = -t*c. What is z(c)?
4
Let o(c) be the third derivative of c**7/5040 + c**6/180 - c**5/30 + 2*c**2. Let k(n) be the third derivative of o(n). Give k(-4).
0
Let v(z) be the first derivative of 1 + 2*z - 1/2*z**2. Let g be (-5 + 9)*6/8. Determine v(g).
-1
Let z = -7 - -14. Suppose 0 = i - z + 1. Let q(x) = x**3 - 6*x**2 - x. Give q(i).
-6
Let g(d) be the second derivative of -d**4/12 - 4*d**3/3 - 3*d**2 + 14*d. Let b = 1 + -6. What is g(b)?
9
Let p(u) = -3*u. Suppose -4*l - 6 = -3*t, 4*l + 5 + 3 = 2*t. What is p(l)?
9
Let t(q) be the first derivative of -1/4*q**4 - 2 + 0*q**2 - 5/3*q**3 + 7*q. Let r(s) = 2*s - 1. Let h be r(-2). Give t(h).
7
Let h(x) = 2*x**2 + 2*x + 1. Suppose -195 = -4*d - a, 0 = 2*d - 5*a - 0*a - 81. Suppose 6*y - 2*y + d = 0. Let n be (-6)/y*(-3 + 1). Give h(n).
1
Let s(t) be the first derivative of -t**3/3 - 5*t**2 - 3*t + 16. Give s(-7).
18
Let p be 18/(-6)*(-4)/(-6). Let y(o) = -o**2 - 2*o - 2. Calculate y(p).
-2
Let a(w) be the second derivative of w**5/20 - w**4/3 - w**3 + 3*w**2/2 - 22*w. Give a(5).
-2
Let s(w) = -7*w**3 + 5*w**2 + 9*w - 5. Let p(t) = -11*t**3 + 7*t**2 + 14*t - 8. Let k(y) = 5*p(y) - 8*s(y). Determine k(4).
-24
Let w(x) = 6*x**2 - 5*x - 6. Let z(n) = -7*n**2 + 4*n + 5. Let s(h) = 5*w(h) + 6*z(h). Determine s(-1).
-11
Let n(f) = 2 + 18*f**2 - 7*f**2 - 8*f - 3*f. Let w(m) = 7*m**2 - 7*m + 1. Let j(b) = 5*n(b) - 8*w(b). Let y(d) be the first derivative of j(d). Calculate y(3).
-5
Let k(g) be the third derivative of -7*g**4/24 - g**3/6 - 12*g**2. Calculate k(-1).
6
Suppose -7 - 5 = -2*h. Let b(i) = -3 - i**2 - i - i**3 + h*i**2 + 8*i. Calculate b(6).
3
Suppose h + 1 - 6 = 0. Let n(a) = -5*a - 23. Let g(i) = -3*i - 15. Let t(f) = h*n(f) - 8*g(f). What is t(0)?
5
Suppose -4*u = -z - 13, -4*z - 3*u + 3 = -21. Let c(t) = t + 7 - 8 - z*t. Suppose -w = 2*r - r, -6 = 4*r - 2*w. What is c(r)?
1
Let z(t) be the third derivative of -t**5/60 + 5*t**4/24 + 2*t**3/3 + 8*t**2. Calculate z(7).
-10
Suppose 3*s = -5*m - 22, -m - 1 = -s - 3. Let z = m + 4. Let g(o) = 8*o + 5. Let b(w) = -17*w - 11. Let j(x) = -6*b(x) - 13*g(x). Determine j(z).
-3
Let z = -22 + 27. Let m(i) = -i**2 + 2*i + 6. Give m(z).
-9
Let y(f) = 3 + 13*f**2 + 13 + 19*f + 8. Let b(q) = -3*q**2 - 5*q - 6. Let o(l) = 9*b(l) + 2*y(l). Calculate o(-5).
4
Let b(j) = -5*j**2 - 3*j**2 + 1 + 3*j**2. Determine b(-1).
-4
Let f(i) = i**3 + i**2 - i - 1. Let l be f(0). Let o(x) = -12*x**2 + 4*x - 3*x + 3*x**2. Give o(l).
-10
Let u(v) be the second derivative of 0*v**2 - 1/120*v**6 - 1/6*v**4 - 1/120*v**5 + 0 + 3*v + 0*v**3. Let